{"id":15,"date":"2017-07-25T09:03:45","date_gmt":"2017-07-25T09:03:45","guid":{"rendered":"http:\/\/islandpferde-nordheim.de\/?page_id=15"},"modified":"2022-06-22T08:44:57","modified_gmt":"2022-06-22T08:44:57","slug":"der-hof","status":"publish","type":"page","link":"http:\/\/islandpferde-nordheim.de\/?page_id=15","title":{"rendered":"\u00dcber uns"},"content":{"rendered":"<p>Unser Hof liegt mitten in der sch\u00f6nen bayrischen Rh\u00f6n und das Klima ist ideal zur Aufzucht von Islandpferden geeignet. Die abwechslungsreiche Landschaft mit ihrer g\u00fcnstigen, anspruchsvollen Bodenbeschaffenheit sorgt bei den Fohlen, Jung- und Reitpferden auf nat\u00fcrliche Weise f\u00fcr eine ausgepr\u00e4gte Muskulatur, gute Balance und Trittsicherheit.<\/p>\n<p>Unser Hof bietet Platz f\u00fcr ca. 25 Pferde die in gro\u00dfz\u00fcgigen Paddockboxen und gro\u00dfen Ausl\u00e4ufen mit angrenzendem Offenstall artgerecht gehalten werden. Zu unserem \u201eHofleben\u201c geh\u00f6rt noch unser Hund Sokki und ein Falkenpaar, das jedes Jahr seine Jungen unter unserem Dach gro\u00dfzieht.<\/p>\n<p>Den Sommer verbringen alle nicht gerittenen Pferde auf\u00a0unseren weitl\u00e4ufigen Weiden in der Rh\u00f6n. Auch unser Raufutter produzieren wir von den eigenen Wiesen selbst.<\/p>\n<p>Zur Ausbildung unserer Pferde stehen uns ein Roundpen, ein 20m x 40m Reitplatz und tolle Reitwege in die Natur zur Verf\u00fcgung.<\/p>\n<p>Halle und Ovalbahn sind in unmittelbarer N\u00e4he immer erreichbar.<\/p>\n<p>Kompetente IPZV- Trainer unterst\u00fctzen uns zus\u00e4tzlich\u00a0bei der Ausbildung unserer Pferde.<\/p>\n<p>Unser reiterliches Motto lautet: wir wollen die Pferde reiten, die wir selbst gez\u00fcchtet haben und das mit richtig viel Spa\u00df!<\/p>\n<p>Dies ist uns gelungen und bei uns gibt es nur selbstgezogene Pferde \u201evon Nordheim\u201c.<\/p>\n<div id='gallery-1' class='gallery galleryid-15 gallery-columns-3 gallery-size-thumbnail'><figure class='gallery-item'>\n\t\t\t<div class='gallery-icon portrait'>\n\t\t\t\t<a href='http:\/\/islandpferde-nordheim.de\/?attachment_id=25'><img loading=\"lazy\" decoding=\"async\" width=\"150\" height=\"150\" src=\"http:\/\/islandpferde-nordheim.de\/wp-content\/uploads\/2017\/07\/20160508_122427-1-960x1024-150x150.jpg\" class=\"attachment-thumbnail size-thumbnail\" alt=\"\" \/><\/a>\n\t\t\t<\/div><\/figure><figure class='gallery-item'>\n\t\t\t<div class='gallery-icon landscape'>\n\t\t\t\t<a href='http:\/\/islandpferde-nordheim.de\/?attachment_id=24'><img loading=\"lazy\" decoding=\"async\" width=\"150\" height=\"150\" src=\"http:\/\/islandpferde-nordheim.de\/wp-content\/uploads\/2017\/07\/20151031_155417-2-1024x390-150x150.jpg\" class=\"attachment-thumbnail size-thumbnail\" alt=\"\" \/><\/a>\n\t\t\t<\/div><\/figure><figure class='gallery-item'>\n\t\t\t<div class='gallery-icon portrait'>\n\t\t\t\t<a href='http:\/\/islandpferde-nordheim.de\/?attachment_id=588'><img loading=\"lazy\" decoding=\"async\" width=\"150\" height=\"150\" src=\"http:\/\/islandpferde-nordheim.de\/wp-content\/uploads\/2022\/06\/20220616_192801-150x150.jpg\" class=\"attachment-thumbnail size-thumbnail\" alt=\"\" \/><\/a>\n\t\t\t<\/div><\/figure><figure class='gallery-item'>\n\t\t\t<div class='gallery-icon landscape'>\n\t\t\t\t<a href='http:\/\/islandpferde-nordheim.de\/?attachment_id=23'><img loading=\"lazy\" decoding=\"async\" width=\"150\" height=\"150\" src=\"http:\/\/islandpferde-nordheim.de\/wp-content\/uploads\/2017\/07\/20150823_192856-1-1024x634-150x150.jpg\" class=\"attachment-thumbnail size-thumbnail\" alt=\"\" \/><\/a>\n\t\t\t<\/div><\/figure><figure class='gallery-item'>\n\t\t\t<div class='gallery-icon landscape'>\n\t\t\t\t<a href='http:\/\/islandpferde-nordheim.de\/?attachment_id=22'><img loading=\"lazy\" decoding=\"async\" width=\"150\" height=\"150\" src=\"http:\/\/islandpferde-nordheim.de\/wp-content\/uploads\/2017\/07\/IMG-20161215-WA0007-1024x768-150x150.jpg\" class=\"attachment-thumbnail size-thumbnail\" alt=\"\" \/><\/a>\n\t\t\t<\/div><\/figure><figure class='gallery-item'>\n\t\t\t<div class='gallery-icon landscape'>\n\t\t\t\t<a href='http:\/\/islandpferde-nordheim.de\/?attachment_id=20'><img loading=\"lazy\" decoding=\"async\" width=\"150\" height=\"150\" src=\"http:\/\/islandpferde-nordheim.de\/wp-content\/uploads\/2017\/07\/IMG_8694-1024x576-150x150.png\" class=\"attachment-thumbnail size-thumbnail\" alt=\"\" \/><\/a>\n\t\t\t<\/div><\/figure><figure class='gallery-item'>\n\t\t\t<div class='gallery-icon portrait'>\n\t\t\t\t<a href='http:\/\/islandpferde-nordheim.de\/?attachment_id=21'><img loading=\"lazy\" decoding=\"async\" width=\"150\" height=\"150\" src=\"http:\/\/islandpferde-nordheim.de\/wp-content\/uploads\/2017\/07\/IMG-20160710-WA0023-1-150x150.jpg\" class=\"attachment-thumbnail size-thumbnail\" alt=\"\" \/><\/a>\n\t\t\t<\/div><\/figure><figure class='gallery-item'>\n\t\t\t<div class='gallery-icon landscape'>\n\t\t\t\t<a href='http:\/\/islandpferde-nordheim.de\/?attachment_id=19'><img loading=\"lazy\" decoding=\"async\" width=\"150\" height=\"150\" src=\"http:\/\/islandpferde-nordheim.de\/wp-content\/uploads\/2017\/07\/IMG_8193-1024x768-150x150.jpg\" class=\"attachment-thumbnail size-thumbnail\" alt=\"\" \/><\/a>\n\t\t\t<\/div><\/figure><figure class='gallery-item'>\n\t\t\t<div class='gallery-icon landscape'>\n\t\t\t\t<a href='http:\/\/islandpferde-nordheim.de\/?attachment_id=18'><img loading=\"lazy\" decoding=\"async\" width=\"150\" height=\"150\" src=\"http:\/\/islandpferde-nordheim.de\/wp-content\/uploads\/2017\/07\/IMG_2191-1024x684-150x150.jpg\" class=\"attachment-thumbnail size-thumbnail\" alt=\"\" \/><\/a>\n\t\t\t<\/div><\/figure><figure class='gallery-item'>\n\t\t\t<div class='gallery-icon portrait'>\n\t\t\t\t<a href='http:\/\/islandpferde-nordheim.de\/?attachment_id=17'><img loading=\"lazy\" decoding=\"async\" width=\"150\" height=\"150\" src=\"http:\/\/islandpferde-nordheim.de\/wp-content\/uploads\/2017\/07\/IMG_1610-e1494185925510-768x1024-150x150.jpg\" class=\"attachment-thumbnail size-thumbnail\" alt=\"\" \/><\/a>\n\t\t\t<\/div><\/figure><figure class='gallery-item'>\n\t\t\t<div class='gallery-icon portrait'>\n\t\t\t\t<a href='http:\/\/islandpferde-nordheim.de\/?attachment_id=16'><img loading=\"lazy\" decoding=\"async\" width=\"150\" height=\"150\" src=\"http:\/\/islandpferde-nordheim.de\/wp-content\/uploads\/2017\/07\/IMG_1589-e1494185799692-768x1024-150x150.jpg\" class=\"attachment-thumbnail size-thumbnail\" alt=\"\" \/><\/a>\n\t\t\t<\/div><\/figure><figure class='gallery-item'>\n\t\t\t<div class='gallery-icon landscape'>\n\t\t\t\t<a href='http:\/\/islandpferde-nordheim.de\/?attachment_id=11'><img loading=\"lazy\" decoding=\"async\" width=\"150\" height=\"150\" src=\"http:\/\/islandpferde-nordheim.de\/wp-content\/uploads\/2017\/07\/PICT0100-1024x768-150x150.jpg\" class=\"attachment-thumbnail size-thumbnail\" alt=\"\" \/><\/a>\n\t\t\t<\/div><\/figure><figure class='gallery-item'>\n\t\t\t<div class='gallery-icon portrait'>\n\t\t\t\t<a href='http:\/\/islandpferde-nordheim.de\/?attachment_id=80'><img loading=\"lazy\" decoding=\"async\" width=\"150\" height=\"150\" src=\"http:\/\/islandpferde-nordheim.de\/wp-content\/uploads\/2017\/09\/1499802607762-150x150.jpeg\" class=\"attachment-thumbnail size-thumbnail\" alt=\"\" \/><\/a>\n\t\t\t<\/div><\/figure><figure class='gallery-item'>\n\t\t\t<div class='gallery-icon landscape'>\n\t\t\t\t<a href='http:\/\/islandpferde-nordheim.de\/?attachment_id=194'><img loading=\"lazy\" decoding=\"async\" width=\"150\" height=\"150\" src=\"http:\/\/islandpferde-nordheim.de\/wp-content\/uploads\/2017\/09\/20150726_092907-1-1024x478-150x150.jpg\" class=\"attachment-thumbnail size-thumbnail\" alt=\"\" \/><\/a>\n\t\t\t<\/div><\/figure><figure class='gallery-item'>\n\t\t\t<div class='gallery-icon portrait'>\n\t\t\t\t<a href='http:\/\/islandpferde-nordheim.de\/?attachment_id=226'><img loading=\"lazy\" decoding=\"async\" width=\"150\" height=\"150\" src=\"http:\/\/islandpferde-nordheim.de\/wp-content\/uploads\/2017\/09\/IMG-20150930-WA0000-614x1024-150x150.jpg\" class=\"attachment-thumbnail size-thumbnail\" alt=\"\" \/><\/a>\n\t\t\t<\/div><\/figure><figure class='gallery-item'>\n\t\t\t<div class='gallery-icon landscape'>\n\t\t\t\t<a href='http:\/\/islandpferde-nordheim.de\/?attachment_id=591'><img loading=\"lazy\" decoding=\"async\" width=\"150\" height=\"150\" src=\"http:\/\/islandpferde-nordheim.de\/wp-content\/uploads\/2022\/06\/20211002_173304-150x150.jpg\" class=\"attachment-thumbnail size-thumbnail\" alt=\"\" \/><\/a>\n\t\t\t<\/div><\/figure><figure class='gallery-item'>\n\t\t\t<div class='gallery-icon landscape'>\n\t\t\t\t<a href='http:\/\/islandpferde-nordheim.de\/?attachment_id=586'><img loading=\"lazy\" decoding=\"async\" width=\"150\" height=\"150\" src=\"http:\/\/islandpferde-nordheim.de\/wp-content\/uploads\/2022\/06\/20220508_195617-150x150.jpg\" class=\"attachment-thumbnail size-thumbnail\" alt=\"\" \/><\/a>\n\t\t\t<\/div><\/figure><figure class='gallery-item'>\n\t\t\t<div class='gallery-icon portrait'>\n\t\t\t\t<a href='http:\/\/islandpferde-nordheim.de\/?attachment_id=583'><img loading=\"lazy\" decoding=\"async\" width=\"150\" height=\"150\" src=\"http:\/\/islandpferde-nordheim.de\/wp-content\/uploads\/2022\/06\/20220414_113449-150x150.jpg\" class=\"attachment-thumbnail size-thumbnail\" alt=\"\" \/><\/a>\n\t\t\t<\/div><\/figure>\n\t\t<\/div>\n\n","protected":false},"excerpt":{"rendered":"<p>Unser Hof liegt mitten in der sch\u00f6nen bayrischen Rh\u00f6n und das Klima ist ideal zur Aufzucht von Islandpferden geeignet. Die abwechslungsreiche Landschaft [&hellip;]<\/p>\n","protected":false},"author":1,"featured_media":0,"parent":0,"menu_order":0,"comment_status":"closed","ping_status":"closed","template":"","meta":{"footnotes":""},"class_list":["post-15","page","type-page","status-publish","hentry"],"_links":{"self":[{"href":"http:\/\/islandpferde-nordheim.de\/index.php?rest_route=\/wp\/v2\/pages\/15","targetHints":{"allow":["GET"]}}],"collection":[{"href":"http:\/\/islandpferde-nordheim.de\/index.php?rest_route=\/wp\/v2\/pages"}],"about":[{"href":"http:\/\/islandpferde-nordheim.de\/index.php?rest_route=\/wp\/v2\/types\/page"}],"author":[{"embeddable":true,"href":"http:\/\/islandpferde-nordheim.de\/index.php?rest_route=\/wp\/v2\/users\/1"}],"replies":[{"embeddable":true,"href":"http:\/\/islandpferde-nordheim.de\/index.php?rest_route=%2Fwp%2Fv2%2Fcomments&post=15"}],"version-history":[{"count":7,"href":"http:\/\/islandpferde-nordheim.de\/index.php?rest_route=\/wp\/v2\/pages\/15\/revisions"}],"predecessor-version":[{"id":593,"href":"http:\/\/islandpferde-nordheim.de\/index.php?rest_route=\/wp\/v2\/pages\/15\/revisions\/593"}],"wp:attachment":[{"href":"http:\/\/islandpferde-nordheim.de\/index.php?rest_route=%2Fwp%2Fv2%2Fmedia&parent=15"}],"curies":[{"name":"wp","href":"https:\/\/api.w.org\/{rel}","templated":true}]}}