{"id":180,"date":"2017-09-28T11:46:33","date_gmt":"2017-09-28T11:46:33","guid":{"rendered":"http:\/\/islandpferde-nordheim.de\/?page_id=180"},"modified":"2017-09-28T15:00:30","modified_gmt":"2017-09-28T15:00:30","slug":"zucht","status":"publish","type":"page","link":"http:\/\/islandpferde-nordheim.de\/?page_id=180","title":{"rendered":"Zucht"},"content":{"rendered":"<p>Angefangen hat alles mit Winnfrieds Fohlen \u201eFuna von Ostheim\u201c, einer Kolfaxi fr\u00e1 Hafsteinst\u00f6\u00f0um Tochter. Sie wurde zur Stammstute seiner Zucht, eine gro\u00dfe, schicke Rappstute mit sehr guten Grundgangarten und viel gutem T\u00f6lt.<\/p>\n<p>Durch die Anpaarung mit Konna-Bleikur fr\u00e1 Flugumyri, einem \u00d3feigur- Sohn, zeigten sich schnell sehr gute Fortschritte in der Nachzucht beim T\u00f6ltverm\u00f6gen, der H\u00f6he und der Elastizit\u00e4t der G\u00e4nge.<\/p>\n<p>Tyrfingur von Nordheim (geb. 2002) unser erster selbstgezogener, gek\u00f6rter Hengst, ein Tyr vom Rappenhof- Sohn. Er\u00a0wurde vierg\u00e4ngig mit 7.96 gepr\u00fcft, unter anderem mit 9,0 f\u00fcr Galopp und Schritt und 8,5 f\u00fcr T\u00f6lt. F\u00fcr sein Geb\u00e4ude erhielt er eine Gesamtnote von 8,26 darunter eine 9,5 f\u00fcr das Langhaar. Vor allem er hat f\u00fcr wirklich sch\u00f6ne, gro\u00dfrahmige Pferde mit tollem Behang und sehr guten Grundgangarten in unserer Zucht gesorgt.<\/p>\n<p>Um unsere Zucht voranzubringen, setzen wir gezielt sehr hochkar\u00e4tige Hengste ein, von denen wir denken, dass sie sich gut mit unseren Stuten erg\u00e4nzen. Dabei haben wir sie mit Rationalit\u00e4t, aber auch mit Herz und manchmal mit Bauchgef\u00fchl ausgew\u00e4hlt, ganz getreu unserem Motto: \u201eWelchen dieser sch\u00f6nen Hengste w\u00fcrden wir jetzt einfach gerne selbst reiten?\u201c<\/p>\n<p>Gedeckt haben f\u00fcr uns unter anderem Otur fr\u00e1 Sau\u00f0\u00e1rkr\u00f3ki, Tyr vom Rappenhof, Hlynur fr\u00e1 Kjarnholtum, Garri fr\u00e1 Reykjav\u00edk, \u00c1lfasteinn fr\u00e1 Selfossi, Hraunar fr\u00e1 Efri- Rau\u00f0al\u00e6k und Hnokki fr\u00e1 Fellskoti.<\/p>\n<div id='gallery-1' class='gallery galleryid-180 gallery-columns-3 gallery-size-thumbnail'><figure class='gallery-item'>\n\t\t\t<div class='gallery-icon portrait'>\n\t\t\t\t<a href='http:\/\/islandpferde-nordheim.de\/?attachment_id=219'><img loading=\"lazy\" decoding=\"async\" width=\"150\" height=\"150\" src=\"http:\/\/islandpferde-nordheim.de\/wp-content\/uploads\/2017\/09\/IMG_4727-684x1024-150x150.jpg\" class=\"attachment-thumbnail size-thumbnail\" alt=\"\" \/><\/a>\n\t\t\t<\/div><\/figure><figure class='gallery-item'>\n\t\t\t<div class='gallery-icon landscape'>\n\t\t\t\t<a href='http:\/\/islandpferde-nordheim.de\/?attachment_id=218'><img loading=\"lazy\" decoding=\"async\" width=\"150\" height=\"150\" src=\"http:\/\/islandpferde-nordheim.de\/wp-content\/uploads\/2017\/09\/IMG_4659-1024x684-150x150.jpg\" class=\"attachment-thumbnail size-thumbnail\" alt=\"\" \/><\/a>\n\t\t\t<\/div><\/figure><figure class='gallery-item'>\n\t\t\t<div class='gallery-icon portrait'>\n\t\t\t\t<a href='http:\/\/islandpferde-nordheim.de\/?attachment_id=213'><img loading=\"lazy\" decoding=\"async\" width=\"150\" height=\"150\" src=\"http:\/\/islandpferde-nordheim.de\/wp-content\/uploads\/2017\/09\/IMG_3257-150x150.jpg\" class=\"attachment-thumbnail size-thumbnail\" alt=\"\" \/><\/a>\n\t\t\t<\/div><\/figure><figure class='gallery-item'>\n\t\t\t<div class='gallery-icon portrait'>\n\t\t\t\t<a href='http:\/\/islandpferde-nordheim.de\/?attachment_id=201'><img loading=\"lazy\" decoding=\"async\" width=\"150\" height=\"150\" src=\"http:\/\/islandpferde-nordheim.de\/wp-content\/uploads\/2017\/09\/IATY3823-768x1024-150x150.jpg\" class=\"attachment-thumbnail size-thumbnail\" alt=\"\" \/><\/a>\n\t\t\t<\/div><\/figure><figure class='gallery-item'>\n\t\t\t<div class='gallery-icon landscape'>\n\t\t\t\t<a href='http:\/\/islandpferde-nordheim.de\/?attachment_id=200'><img loading=\"lazy\" decoding=\"async\" width=\"150\" height=\"150\" src=\"http:\/\/islandpferde-nordheim.de\/wp-content\/uploads\/2017\/09\/Foto1319-1024x768-150x150.jpg\" class=\"attachment-thumbnail size-thumbnail\" alt=\"\" \/><\/a>\n\t\t\t<\/div><\/figure><figure class='gallery-item'>\n\t\t\t<div class='gallery-icon landscape'>\n\t\t\t\t<a href='http:\/\/islandpferde-nordheim.de\/?attachment_id=191'><img loading=\"lazy\" decoding=\"async\" width=\"150\" height=\"150\" src=\"http:\/\/islandpferde-nordheim.de\/wp-content\/uploads\/2017\/09\/20150516_175559-1024x576-150x150.jpg\" class=\"attachment-thumbnail size-thumbnail\" alt=\"\" \/><\/a>\n\t\t\t<\/div><\/figure><figure class='gallery-item'>\n\t\t\t<div class='gallery-icon portrait'>\n\t\t\t\t<a href='http:\/\/islandpferde-nordheim.de\/?attachment_id=195'><img loading=\"lazy\" decoding=\"async\" width=\"150\" height=\"150\" src=\"http:\/\/islandpferde-nordheim.de\/wp-content\/uploads\/2017\/09\/20160419_185859-1-974x1024-150x150.jpg\" class=\"attachment-thumbnail size-thumbnail\" alt=\"\" \/><\/a>\n\t\t\t<\/div><\/figure><figure class='gallery-item'>\n\t\t\t<div class='gallery-icon landscape'>\n\t\t\t\t<a href='http:\/\/islandpferde-nordheim.de\/?attachment_id=143'><img loading=\"lazy\" decoding=\"async\" width=\"150\" height=\"150\" src=\"http:\/\/islandpferde-nordheim.de\/wp-content\/uploads\/2017\/09\/IMG_1862-150x150.jpg\" class=\"attachment-thumbnail size-thumbnail\" alt=\"\" \/><\/a>\n\t\t\t<\/div><\/figure><figure class='gallery-item'>\n\t\t\t<div class='gallery-icon landscape'>\n\t\t\t\t<a href='http:\/\/islandpferde-nordheim.de\/?attachment_id=141'><img loading=\"lazy\" decoding=\"async\" width=\"150\" height=\"150\" src=\"http:\/\/islandpferde-nordheim.de\/wp-content\/uploads\/2017\/09\/IMG_1817-150x150.jpg\" class=\"attachment-thumbnail size-thumbnail\" alt=\"\" \/><\/a>\n\t\t\t<\/div><\/figure><figure class='gallery-item'>\n\t\t\t<div class='gallery-icon portrait'>\n\t\t\t\t<a href='http:\/\/islandpferde-nordheim.de\/?attachment_id=210'><img loading=\"lazy\" decoding=\"async\" width=\"150\" height=\"150\" src=\"http:\/\/islandpferde-nordheim.de\/wp-content\/uploads\/2017\/09\/IMG_2042-1-150x150.jpg\" class=\"attachment-thumbnail size-thumbnail\" alt=\"\" \/><\/a>\n\t\t\t<\/div><\/figure><figure class='gallery-item'>\n\t\t\t<div class='gallery-icon landscape'>\n\t\t\t\t<a href='http:\/\/islandpferde-nordheim.de\/?attachment_id=192'><img loading=\"lazy\" decoding=\"async\" width=\"150\" height=\"150\" src=\"http:\/\/islandpferde-nordheim.de\/wp-content\/uploads\/2017\/09\/20150531_155945-1-1024x652-150x150.jpg\" class=\"attachment-thumbnail size-thumbnail\" alt=\"\" \/><\/a>\n\t\t\t<\/div><\/figure><figure class='gallery-item'>\n\t\t\t<div class='gallery-icon landscape'>\n\t\t\t\t<a href='http:\/\/islandpferde-nordheim.de\/?attachment_id=230'><img loading=\"lazy\" decoding=\"async\" width=\"150\" height=\"150\" src=\"http:\/\/islandpferde-nordheim.de\/wp-content\/uploads\/2017\/09\/S5000191-150x150.jpg\" class=\"attachment-thumbnail size-thumbnail\" alt=\"\" \/><\/a>\n\t\t\t<\/div><\/figure>\n\t\t<\/div>\n\n","protected":false},"excerpt":{"rendered":"<p>Angefangen hat alles mit Winnfrieds Fohlen \u201eFuna von Ostheim\u201c, einer Kolfaxi fr\u00e1 Hafsteinst\u00f6\u00f0um Tochter. Sie wurde zur Stammstute seiner Zucht, eine gro\u00dfe, [&hellip;]<\/p>\n","protected":false},"author":1,"featured_media":0,"parent":0,"menu_order":0,"comment_status":"closed","ping_status":"closed","template":"","meta":{"footnotes":""},"class_list":["post-180","page","type-page","status-publish","hentry"],"_links":{"self":[{"href":"http:\/\/islandpferde-nordheim.de\/index.php?rest_route=\/wp\/v2\/pages\/180","targetHints":{"allow":["GET"]}}],"collection":[{"href":"http:\/\/islandpferde-nordheim.de\/index.php?rest_route=\/wp\/v2\/pages"}],"about":[{"href":"http:\/\/islandpferde-nordheim.de\/index.php?rest_route=\/wp\/v2\/types\/page"}],"author":[{"embeddable":true,"href":"http:\/\/islandpferde-nordheim.de\/index.php?rest_route=\/wp\/v2\/users\/1"}],"replies":[{"embeddable":true,"href":"http:\/\/islandpferde-nordheim.de\/index.php?rest_route=%2Fwp%2Fv2%2Fcomments&post=180"}],"version-history":[{"count":3,"href":"http:\/\/islandpferde-nordheim.de\/index.php?rest_route=\/wp\/v2\/pages\/180\/revisions"}],"predecessor-version":[{"id":234,"href":"http:\/\/islandpferde-nordheim.de\/index.php?rest_route=\/wp\/v2\/pages\/180\/revisions\/234"}],"wp:attachment":[{"href":"http:\/\/islandpferde-nordheim.de\/index.php?rest_route=%2Fwp%2Fv2%2Fmedia&parent=180"}],"curies":[{"name":"wp","href":"https:\/\/api.w.org\/{rel}","templated":true}]}}